{"id":5014,"date":"2021-10-05T10:02:47","date_gmt":"2021-10-05T10:02:47","guid":{"rendered":"http:\/\/ourpuri.com\/?page_id=5014"},"modified":"2022-09-05T09:57:52","modified_gmt":"2022-09-05T09:57:52","slug":"basic-spirituality","status":"publish","type":"page","link":"https:\/\/ourpuri.com\/index.php\/basic-spirituality\/","title":{"rendered":"Gita Life Material"},"content":{"rendered":"<p>[vc_row][vc_column][vc_single_image image=&#8221;5479&#8243; img_size=&#8221;medium&#8221; alignment=&#8221;center&#8221;]<div class=\"qodef-shortcode qodef-m  qodef-section-title qodef-alignment--center \">\n\t\t\t\t<h2 class=\"qodef-m-title\" >\n\t\t\t\t\t<a itemprop=\"url\" href=\"https:\/\/www.youtube.com\/user\/HKMPuri1\" target=\"_self\">\n\t\t\t\t\tOur Puri Spiritual Talks\t\t\t\t\t<\/a>\n\t\t\t<\/h2>\n\t<\/div>[\/vc_column][\/vc_row][vc_row][vc_column][vc_empty_space][\/vc_column][\/vc_row][vc_row][vc_column width=&#8221;1\/2&#8243;][vc_row_inner][vc_column_inner][vc_single_image image=&#8221;5077&#8243; img_size=&#8221;large&#8221; alignment=&#8221;center&#8221;][\/vc_column_inner][\/vc_row_inner][\/vc_column][vc_column width=&#8221;1\/2&#8243;]<div class=\"qodef-shortcode qodef-m  qodef-section-title qodef-alignment--left \">\n\t\t\t\t<h2 class=\"qodef-m-title\" >\n\t\t\t\t\tBasics of Spirituality\t\t\t<\/h2>\n\t<\/div>[vc_toggle title=&#8221;Who am I?&#8221;]<\/p>\n<ul>\n<li>\n<div><span lang=\"EN-US\">&#8220;I am not this body but I am spirit soul&#8221;<\/span><\/div>\n<\/li>\n<li>The first step in spiritual science is to know the difference between a living body and dead body.<\/li>\n<li>The difference is that when someone dies, the spirit soul, or the living force, leaves the body. Therefore the body is called &#8220;dead&#8221;<\/li>\n<li>Soul does not have birth or death.<\/li>\n<\/ul>\n<p>[\/vc_toggle][vc_toggle title=&#8221;Definition of God&#8221;]<\/p>\n<div class=\"page\" title=\"Page 8\">\n<div class=\"section\">\n<div class=\"layoutArea\">\n<div class=\"column\">\n<ul>\n<li>Source of everything<\/li>\n<li>Supreme Controller<\/li>\n<li>Supreme Proprietor<\/li>\n<li>\u00a0Supreme Enjoyer<\/li>\n<\/ul>\n<div class=\"page\" title=\"Page 9\">\n<div class=\"section\">\n<div class=\"layoutArea\">\n<div class=\"column\">\n<ul>\n<li>Bhagavan &#8211; 6 Opulences &#8211;<span lang=\"EN-US\">One who is in possession of all six of these opulences, and to an unlimited degree, is understood to be the Supreme Personality of Godhead<\/span>\n<ul>\n<li>Wealth,<\/li>\n<li>Strength,<\/li>\n<li>Fame,<\/li>\n<li>Beauty,<\/li>\n<li>Knowledge,<\/li>\n<li>Renunciation<\/li>\n<\/ul>\n<\/li>\n<\/ul>\n<\/div>\n<\/div>\n<\/div>\n<\/div>\n<\/div>\n<\/div>\n<\/div>\n<\/div>\n<p>[\/vc_toggle][vc_toggle title=&#8221;Who is Krishna?&#8221;]<\/p>\n<ul>\n<li>Krishna is the supreme personality of Godhead.<\/li>\n<li>Based on the evidence given in the Vedic scriptures and on the authority of the great saintly people like Narada, Vyasadeva, Arjuna etc.<\/li>\n<li>Our aim of life is to satisfy the Supreme Lord, Vishnu or Krishna.<\/li>\n<\/ul>\n<p>[\/vc_toggle][vc_toggle title=&#8221;Who is a Guru \/ bonafide spiritual master?&#8221;]<\/p>\n<ul>\n<li>In the Vayu Purana an acharya is defined as one who knows the import of all Vedic literatures, abides by their rules and regulations, and teaches his disciples to act in the same way.<\/li>\n<\/ul>\n<p>[\/vc_toggle][vc_toggle title=&#8221;Who is Srila Prabhupada?&#8221;]<\/p>\n<ul>\n<li>A bonafide spiritual master in the disciplic succession of Krishna.<\/li>\n<li>He authored over 70 volumes of books on the Krishna tradition, which are highly respected by scholars for their authority, depth, fidelity to the tradition and clarity.<\/li>\n<li>He is the founder Acharya of International Society for Krishna Consciousness (ISKCON).<\/li>\n<li>Srila Prabhupada circled the globe 14 times on lecture tours, bringing the teachings of Lord Krishna to thousands of people on 6 continents.<\/li>\n<li>He has established more than 108 Krishna Temples around the world.<\/li>\n<\/ul>\n<p>[\/vc_toggle][vc_toggle title=&#8221;Who is Caitanya Mahaprabhu?&#8221;]<\/p>\n<ul>\n<li>Lord Sri Caitanya Mahaprabhu is Sri Krishna Himself.<\/li>\n<li>Lord Sri Caitanya Mahaprabhu, the great apostle of Love of God and the father of the congregational chanting of the holy name of the Lord, adverted Himself at Sridhama Mayapura.<\/li>\n<\/ul>\n<p>[\/vc_toggle][\/vc_column][\/vc_row][vc_row][vc_column width=&#8221;1\/2&#8243;][vc_single_image image=&#8221;5087&#8243; img_size=&#8221;large&#8221; alignment=&#8221;center&#8221;][\/vc_column][vc_column width=&#8221;1\/2&#8243;]<div class=\"qodef-shortcode qodef-m  qodef-section-title qodef-alignment--left \">\n\t\t\t\t<h2 class=\"qodef-m-title\" >\n\t\t\t\t\tSetting up Home Altar\t\t\t<\/h2>\n\t<\/div>[vc_column_text]The purpose of spiritual knowledge is to bring us closer to God, or Krishna. Krishna says in the Bhagavad-g\u012bt\u0101 (18.55), bhakty\u0101 m\u0101\u1e41 abhij\u0101n\u0101ti: \u201cI can be known only by devotional service.\u201d Knowledge guides us in proper action. Spiritual knowledge directs us to satisfy the desires of Krishna through practical engagements in His loving service. Without practical application, theoretical knowledge is of little value.[\/vc_column_text]<a class=\"qodef-shortcode qodef-m  qodef-button qodef-layout--filled  qodef-html--link\" href=\"http:\/\/ourpuri.com\/index.php\/2021\/10\/08\/setting-up-home-altar\/\" target=\"_self\"  >\n\t<span class=\"qodef-m-text\">Read More<\/span>\n<\/a>[\/vc_column][\/vc_row][vc_row][vc_column width=&#8221;1\/2&#8243;]<div class=\"qodef-shortcode qodef-m  qodef-section-title qodef-alignment--left \">\n\t\t\t\t<h2 class=\"qodef-m-title\" >\n\t\t\t\t\tPutting On Tilak\t\t\t<\/h2>\n\t<\/div>[vc_column_text]Tilaka refers to the markings which Vaisnava devotees apply to their bodies, to remind themselves and others that we are all eternal servants of Lord Krsna. The U-shaped mark represents the heel of Lord Visnu, and the oval part represents the Tulasi leaf. Tilaka is applied to twelve parts of the body, and the twelve names of the Lord are recited with each application.[\/vc_column_text]<a class=\"qodef-shortcode qodef-m  qodef-button qodef-layout--filled  qodef-html--link\" href=\"http:\/\/ourpuri.com\/index.php\/2021\/10\/08\/putting-on-tilak\/\" target=\"_self\"  >\n\t<span class=\"qodef-m-text\">Read More<\/span>\n<\/a>[\/vc_column][vc_column width=&#8221;1\/2&#8243;][vc_single_image image=&#8221;5094&#8243; img_size=&#8221;large&#8221; alignment=&#8221;center&#8221;][\/vc_column][\/vc_row][vc_row][vc_column width=&#8221;1\/2&#8243;][vc_single_image image=&#8221;5098&#8243; img_size=&#8221;large&#8221; alignment=&#8221;center&#8221;][\/vc_column][vc_column width=&#8221;1\/2&#8243;]<div class=\"qodef-shortcode qodef-m  qodef-section-title qodef-alignment--left \">\n\t\t\t\t<h2 class=\"qodef-m-title\" >\n\t\t\t\t\tThe Four Yugas\t\t\t<\/h2>\n\t<\/div>[vc_column_text]Each yuga is an age with specific characteristics in which incarnations of Krsna appear. The four yugas make up a cycle called divya-yuga, which lasts 4,320,000 years. One thousand of these yugas equal one day of Brahma, which is called a kalpa. Brahma&#8217;s lifespan is 100 years of his time. In each yuga there is a specific process of self-realization (yuga dharma).[\/vc_column_text]<a class=\"qodef-shortcode qodef-m  qodef-button qodef-layout--filled  qodef-html--link\" href=\"http:\/\/ourpuri.com\/index.php\/2021\/10\/08\/the-four-yugas\/\" target=\"_self\"  >\n\t<span class=\"qodef-m-text\">Read More<\/span>\n<\/a>[\/vc_column][\/vc_row][vc_row][vc_column width=&#8221;1\/2&#8243;]<div class=\"qodef-shortcode qodef-m  qodef-section-title qodef-alignment--left \">\n\t\t\t\t<h2 class=\"qodef-m-title\" >\n\t\t\t\t\tChanting the Hare Krishna Mantra\t\t\t<\/h2>\n\t<\/div>[vc_column_text]The first principle in devotional service is to chant the Hare Krishna mah\u0101-mantra (mah\u0101 means \u201cgreat\u201d; mantra means\u201dsound that liberates the mind from ignorance\u201d):[\/vc_column_text]<a class=\"qodef-shortcode qodef-m  qodef-button qodef-layout--filled  qodef-html--link\" href=\"http:\/\/ourpuri.com\/index.php\/2021\/10\/08\/chanting-the-hare-krishna-mantra\" target=\"_self\"  >\n\t<span class=\"qodef-m-text\">Read More<\/span>\n<\/a>[\/vc_column][vc_column width=&#8221;1\/2&#8243;][vc_single_image image=&#8221;5103&#8243; img_size=&#8221;medium&#8221; alignment=&#8221;center&#8221;][\/vc_column][\/vc_row][vc_row][vc_column width=&#8221;1\/2&#8243;][vc_single_image image=&#8221;5109&#8243; img_size=&#8221;large&#8221; alignment=&#8221;center&#8221;][\/vc_column][vc_column width=&#8221;1\/2&#8243;]<div class=\"qodef-shortcode qodef-m  qodef-section-title qodef-alignment--left \">\n\t\t\t\t<h2 class=\"qodef-m-title\" >\n\t\t\t\t\tPras\u0101dam\t\t\t<\/h2>\n\t<\/div>[vc_column_text]Eating pras\u0101dam is a fundamental practice of bhakti-yoga. In other forms of yoga one must artificially repress the senses, but the bhakti-yog\u012b can engage his or her senses in a variety of pleasing spiritual activities, such as tasting delicious food offered to Lord Krishna. In this way the senses gradually become spiritualized and bring the devotee more and more transcendental pleasure by being engaged in devotional service. Such spiritual pleasure far surpasses any material experience.[\/vc_column_text]<a class=\"qodef-shortcode qodef-m  qodef-button qodef-layout--filled  qodef-html--link\" href=\"http:\/\/ourpuri.com\/index.php\/2021\/10\/08\/prasadam\/\" target=\"_self\"  >\n\t<span class=\"qodef-m-text\">Read More<\/span>\n<\/a>[\/vc_column][\/vc_row][vc_row][vc_column width=&#8221;1\/2&#8243;]<div class=\"qodef-shortcode qodef-m  qodef-section-title qodef-alignment--left \">\n\t\t\t\t<h2 class=\"qodef-m-title\" >\n\t\t\t\t\tEkadashi\t\t\t<\/h2>\n\t<\/div>[vc_column_text]Ekadashi is a well-known fasting day. Learn more about Ekadashi, its purpose and benefits, and how to observe Ekadashi-vrata.[\/vc_column_text]<a class=\"qodef-shortcode qodef-m  qodef-button qodef-layout--filled  qodef-html--link\" href=\"http:\/\/ourpuri.com\/index.php\/ekadashi\/\" target=\"_self\"  >\n\t<span class=\"qodef-m-text\">Read More<\/span>\n<\/a>[\/vc_column][vc_column width=&#8221;1\/2&#8243;][vc_single_image image=&#8221;5126&#8243; img_size=&#8221;large&#8221; alignment=&#8221;center&#8221;][\/vc_column][\/vc_row]<\/p>\n","protected":false},"excerpt":{"rendered":"<p>[vc_row][vc_column][vc_single_image image=&#8221;5479&#8243; img_size=&#8221;medium&#8221; alignment=&#8221;center&#8221;][\/vc_column][\/vc_row][vc_row][vc_column][vc_empty_space][\/vc_column][\/vc_row][vc_row][vc_column width=&#8221;1\/2&#8243;][vc_row_inner][vc_column_inner][vc_single_image image=&#8221;5077&#8243; img_size=&#8221;large&#8221; alignment=&#8221;center&#8221;][\/vc_column_inner][\/vc_row_inner][\/vc_column][vc_column width=&#8221;1\/2&#8243;][vc_toggle title=&#8221;Who am I?&#8221;] &#8220;I am not this body but I am spirit soul&#8221; The first step in spiritual science is to know the difference between a living body and dead body. The difference is that when someone dies, the spirit soul, or the living force, leaves [&hellip;]<\/p>\n","protected":false},"author":1,"featured_media":0,"parent":0,"menu_order":0,"comment_status":"closed","ping_status":"closed","template":"","meta":{"om_disable_all_campaigns":false,"_monsterinsights_skip_tracking":false,"_monsterinsights_sitenote_active":false,"_monsterinsights_sitenote_note":"","_monsterinsights_sitenote_category":0,"footnotes":""},"class_list":["post-5014","page","type-page","status-publish","hentry"],"_links":{"self":[{"href":"https:\/\/ourpuri.com\/index.php\/wp-json\/wp\/v2\/pages\/5014","targetHints":{"allow":["GET"]}}],"collection":[{"href":"https:\/\/ourpuri.com\/index.php\/wp-json\/wp\/v2\/pages"}],"about":[{"href":"https:\/\/ourpuri.com\/index.php\/wp-json\/wp\/v2\/types\/page"}],"author":[{"embeddable":true,"href":"https:\/\/ourpuri.com\/index.php\/wp-json\/wp\/v2\/users\/1"}],"replies":[{"embeddable":true,"href":"https:\/\/ourpuri.com\/index.php\/wp-json\/wp\/v2\/comments?post=5014"}],"version-history":[{"count":20,"href":"https:\/\/ourpuri.com\/index.php\/wp-json\/wp\/v2\/pages\/5014\/revisions"}],"predecessor-version":[{"id":5535,"href":"https:\/\/ourpuri.com\/index.php\/wp-json\/wp\/v2\/pages\/5014\/revisions\/5535"}],"wp:attachment":[{"href":"https:\/\/ourpuri.com\/index.php\/wp-json\/wp\/v2\/media?parent=5014"}],"curies":[{"name":"wp","href":"https:\/\/api.w.org\/{rel}","templated":true}]}}